7*n**2 - 2*n + 19. Let p be g(7). Let c(m) = p*o(m) - 3*l(m). Is c(6) a prime number?
False
Let p = -9 - -12. Suppose -2*f = 4*c - 7966, p*f - 5*c = -9*c + 11951. Suppose 2*z + f = 2*u - 2427, -4*u + 12818 = -2*z. Is u a prime number?
True
Let s(q) = -12*q + 20. Let u be s(2). Is (-1)/u + (1 - 134922/(-24)) a composite number?
False
Let d = 52 + -49. Suppose -4*j + 2*q + 2154 = 0, -5*q = -d*j - 2*j + 2700. Is j a composite number?
True
Suppose -8*o + 1021128 = 141048. Suppose 43*f - o = 13*f. Is f a prime number?
False
Suppose 6*y - 4*y = 0. Suppose 6*b + 60498 = -y*b. Let m = -7084 - b. Is m a composite number?
False
Suppose 3*x - b - 7 = 4*x, 2*x = 2*b - 22. Let k(i) = i**2 - 4 - 6*i + 6*i**2 + i**3 + 5*i**2. Is k(x) composite?
False
Let u(d) = d**3 + 6*d - 15. Let i be u(10). Let c = -201 + i. Suppose -2*a - c = -6*a. Is a a prime number?
True
Let f = 2254 - 3816. Let g = 2676 - 417. Let o = g + f. Is o a composite number?
True
Suppose -v + 36 = -5*v. Let q(d) = 2*d**2 + 13*d - 31. Is q(v) a composite number?
True
Let h be 1/((-2)/4) - (-5 - -2). Is -1*(h + 1 - 1) + 2360 a composite number?
True
Let y(c) = -c + 15. Let d be y(11). Suppose -d*a + 0*a = 1652. Let l = -106 - a. Is l a prime number?
True
Let q be (19 + -9 - (-8)/(-2)) + 71085. Is (-1)/(-4) + q/36 + -6 composite?
True
Let h(s) = 87 + 48*s + 17 - 5 + 28. Is h(20) prime?
True
Let q(b) = -3*b**3 + 15*b**2 + 17*b - 2. Is q(-13) a composite number?
True
Let m(s) = 2491495*s**3 - s - 3. Is m(1) a composite number?
True
Suppose 27*i = -54 - 54. Is (1*-3251)/(i*4/16) prime?
True
Let u(m) = 3*m**2 - 3*m + 61. Let q(r) = 13*r**2 - 12*r + 262. Let h(w) = -2*q(w) + 9*u(w). Let k = 1 - 20. Is h(k) a prime number?
True
Suppose 0 = 4*j - 5*j - 4*w - 18, -25 = 5*w. Suppose -j*d - 26352 = -3*g, 4*d - 9 = 7*d. Is g a composite number?
True
Suppose 0 = -5*j - 2*g + 83103, 5*j - 98707 = -5*g - 15592. Is j composite?
False
Suppose -2*o + j = -3*j - 24, 2*o + 2*j = -6. Suppose 0 = o*r - y - 3204, 5*r = 3*y + 7902 + 107. Is r prime?
False
Suppose -23*d = -2*x - 22*d + 661019, -2*x + 661021 = -3*d. Is x a composite number?
False
Let r = 21 + -27. Let t be r/15 + (-9309)/15. Let a = 146 - t. Is a composite?
True
Let j(p) = 1914*p**3 - 4*p**2 + 25*p - 70. Is j(3) a prime number?
True
Suppose a = -3*a + 8, 4*a + 966 = w. Is 3 - w*-10 - (21 + -21) a prime number?
True
Let u(x) = x**3 + 136*x**2 - 116*x + 83. Is u(-32) a composite number?
False
Is 2/(-21) - (-15 - 89573184/378) composite?
False
Let m(v) = 2195*v - 309. Is m(8) a composite number?
True
Let n = -36 + -200. Let u = 395 - n. Is u a prime number?
True
Suppose 24*z = 18*z + 65*z - 560795. Is z composite?
True
Let q be (-95)/(-1*(-1)/(-2)). Suppose 0 = -5*r - 0*u - 3*u - 120, -22 = 2*r - 4*u. Let f = q - r. Is f a composite number?
False
Let n = 25 - 20. Suppose n*k - 6006 = 11959. Is k composite?
False
Let w = -8631 + 14464. Let g = w + 3258. Is g a prime number?
True
Is -2321636*(18/(-24))/3*(-3)/(-3) a composite number?
False
Suppose -44*f + b = -47*f + 295, 391 = 4*f - b. Suppose -6492 = f*w - 110*w. Is w a prime number?
True
Suppose j = 4*z + 65, 5*z + 5*j = -44 - 6. Let k be (z - 0)*6/18. Is (4 - k/(5/(-3))) + 582 a composite number?
True
Suppose -7 - 7 = -5*c - 4*i, 4*c - 13 = -5*i. Suppose 5*k = -5, 4*k + 83 = c*g - 2239. Is g prime?
False
Let f be 0 - (5 + 4 + -7). Let z(c) = -207*c**3 - 10*c**2 - 11*c - 1. Is z(f) composite?
False
Let r = 650 + -664. Let x(h) be the third derivative of h**5/30 - 7*h**4/24 - 7*h**3/2 + 2*h**2. Is x(r) prime?
False
Suppose -8*o + 492 = 4*o. Suppose 3*s - 5*j - 161 + 22 = 0, o = s + j. Is (3 - -1)/2*(s + -26) a composite number?
True
Let f be ((-2)/(-8)*1)/(38/456). Suppose -1131 = -m + 4*p, -3*m + f*p + 3438 = -0*p. Is m a prime number?
True
Let l = 53 - 47. Suppose -5*h = 3*c - l*c - 11930, -5*c = -2*h + 4772. Is h a prime number?
False
Let a = -44379 - -342652. Is a prime?
False
Suppose 93281 = 2*z + 21939. Is z a composite number?
False
Let a be 202/8*(11 + 17). Suppose -i + 1777 = -4*h, -5*i + 8140 = -h - a. Is i a prime number?
False
Let x(j) = 528*j**2 - 318*j + 29. Is x(6) prime?
False
Let s(q) = q - 132. Let y(p) = -1. Let r(g) = -s(g) + 3*y(g). Let k be r(0). Suppose -4*a + 27 = -k. Is a a prime number?
False
Let o(s) = -s**3 - 15*s**2 + 68*s - 145. Is o(-91) a prime number?
True
Let v = 52923 + -20966. Is v a prime number?
True
Let p = 74213 + -642. Is p a prime number?
True
Let i = 83 + -79. Suppose 0 = -3*r - i*r + 35. Suppose z - 4*t - 681 = 0, 4*z - 3*z + r*t = 663. Is z a composite number?
False
Suppose -366*w - 2314278 = -369*w + 3*p, 2*p = 4*w - 3085688. Is w composite?
True
Let m = -3 + 7. Suppose r - m*r + 1092 = 0. Let a = 2583 - r. Is a composite?
True
Let q(a) = -11695*a + 52. Is q(-1) prime?
False
Let b(y) = 13*y**2 + 1. Let z be b(1). Suppose z*c - 11332 = 10*c. Is c composite?
False
Let c = 128097 + -10178. Is c composite?
True
Let z = 2 - -1. Suppose -2*v - 2 = -z*v. Suppose -v*m + 11073 = 3*d - 7*m, -4*m + 3691 = d. Is d a composite number?
False
Suppose -37 + 5 = 32*q. Let z(u) be the second derivative of -123*u**5/4 - u**4/12 - u**3/3 - u**2 + u. Is z(q) composite?
True
Suppose -12*a - 16 = -11*a. Let x be (-12)/a - 66/24. Let y(l) = -87*l**3 + l**2 - 5*l - 7. Is y(x) a composite number?
True
Let s(c) = 2531*c**2 - 73*c - 217. Is s(-4) prime?
False
Suppose h + 3*s - 1 = s, 0 = -2*h + 2*s + 14. Suppose -5*t + 5*v = -56385, -2*t + 7295 + 15253 = -h*v. Is t composite?
False
Let i = -25 + 30. Suppose 2*r = i*o + 2802, 3*o - 2*r = 2*o - 554. Let f = -83 - o. Is f prime?
True
Let o(t) = -2272*t - 153. Let k = 347 - 355. Is o(k) a prime number?
False
Is (-19)/(-513) - 67115862/(-243) a prime number?
False
Let y(r) = r**3 + 12*r**2 - 15*r + 24. Let q be y(8). Suppose -13*w = 3*w - q. Is (26/(-4))/((-1)/w) composite?
True
Suppose -26*l + 20038557 + 10183462 = -1046803. Is l prime?
False
Suppose -56111 = -4*r - 3*g, r - 15*g - 14027 = -16*g. Let d = -6797 + r. Is d prime?
False
Let t = 595 - 593. Suppose -7*q = -r - t*q + 1046, -5311 = -5*r - 2*q. Is r prime?
True
Let m(n) = -n**3 + 20*n**2 - 35*n - 18. Let b be m(18). Suppose 3 = 5*f - 17, -w - f + 1223 = b. Is w composite?
True
Suppose -2*j - 3*p + 6539 = 0, 11*p + 16359 = 5*j + 7*p. Is j composite?
False
Let k(o) = 241*o + 46. Suppose 0 = 2*d + 3*d - 80. Let l = d - 9. Is k(l) prime?
True
Let z = 1 + 1. Let n(f) be the second derivative of 266*f**3/3 + 5*f**2/2 - 44*f. Is n(z) a prime number?
True
Let w = 5465631 + -3835328. Is w a prime number?
True
Is (0 - (2 - (-28)/(-8)))/(12/30536) a prime number?
False
Let y(f) = 79*f + 73. Let c be y(21). Suppose -3*o + c = -2*o + 5*k, -4*o + 3*k = -6905. Is o prime?
False
Suppose -5374 = 10*p - 114. Let j = 3095 + p. Is j prime?
False
Let s = -254 + 503. Let a = s - 212. Is a prime?
True
Let z be -6 + (1 - -3 - -2). Let d(l) = -15*l + 467. Is d(z) a composite number?
False
Let z(u) = -3*u + 11. Let o(k) = -11*k + 31. Let w(l) = 3*o(l) - 8*z(l). Let c(q) = -q**2 - q. Let n be c(2). Is w(n) a prime number?
True
Suppose -t + 7*t = 0. Let n be 96/80*5/2. Suppose -n*j - 4*k + 789 = t, -3*j + 783 = -0*j + 2*k. Is j prime?
False
Suppose 0 = -2*r - 17 + 3. Let d = 82 - r. Suppose d*k - 88*k = 2171. Is k a composite number?
True
Let n(k) = 6*k**2 - 325*k + 10. Let u be n(58). Let t be (-3)/(-15) + (-72)/(-15). Suppose -t*p + 12689 = u. Is p composite?
False
Suppose l - w - 2 = 0, 4*l - 17 = w + 6. Let x(q) = -q. Let c(t) = 19*t**2 - 2*t + 22. Let b(y) = c(y) - 4*x(y). Is b(l) composite?
False
Let h(y) = y. Let c be h(-3). Is (-2)/(c/((-7278)/(-4))) composite?
False
Let p(c) = 12*c**2 - c + 3. Let r be p(-2). Let n = -51 + r. Suppose 0*w - 2*t = w - 245, 2*w + n*t - 498 = 0. Is w composite?
True
Suppose -11*j - 219595 = 29269. Let x be j/(-6) + (-4)/(-12). Suppose 17*c = 8*c + x. Is c prime?
True
Suppose -3*i + 7 = 2*w - 6*i, 0 = -3*w - 4*i + 36. Let m(v) = -2*v**2 + 16*v - 2. Let o be m(w). Is (-8)/(-12)*6 + (-3782)/o composite?
True
Suppose -3*t + o = -1058644, 450*o = 5*t + 449*o - 1764402. Is t composite?
True
Let a(x) = -106*x**3 + 7*x**2 + x - 51. Let s be a(-6). Suppose l + 4*g - 2*g - s = 0, -4*l = 5*g - 92376. Is l composite?
False
Let w = 10 - -675. Let n = w - 378. Is n a composite numbe